 26*w**3 - 3*w + u*w**3 - 4*w**2. Give y(4).
-12
Let q(j) = -14*j**3 + 925*j**2 - 65*j - 60. Let s be q(66). Let c(a) = a**2 - 6 - a - 6*a + 2. What is c(s)?
-10
Let l = 3 - -1. Let n be -4*(8/(-2) - -3). Let h(s) = -n + 4 - 2 - 58*s + 60*s. Calculate h(l).
6
Let k(y) be the first derivative of -y**3/3 - y**2/2 + y - 231. Suppose -l = 4*l. What is k(l)?
1
Let k(n) = -n + 1 - n + n + 3. Let t be k(10). Let q(u) be the third derivative of -u**6/120 - u**5/12 + u**4/4 + 26*u**2. Give q(t).
0
Suppose r = -2*l + 31, -5*l + 4*l = -2*r + 42. Let i = r + -27. Let w(n) = -n**2 - 3*n - 3. Determine w(i).
-7
Let k = 190 + -187. Let b(l) = -2*l + 1. Calculate b(k).
-5
Let k(d) = d**3 - 8*d**2 - 10*d + 13. Let t be (1/1)/(1/79)*1. Let b = t + -70. What is k(b)?
4
Let p be (-5)/(-4 + (-6)/(-4)). Let y be 10*(p - (-6)/(-5)). Let w(l) = -l + 11. Determine w(y).
3
Suppose 0 = -5*a + 3*b + 50 - 13, -1 = -b. Let n(o) = -o**3 + 8*o**2 - o + 10. Give n(a).
2
Let f(o) = 2*o + 15. Suppose 133 - 3 = -10*g. Give f(g).
-11
Suppose 4*j + 4*x - 24 = 0, 7*j = 10*j + 2*x - 17. Let m(z) = -z**2 + 4*z - 3. Determine m(j).
-8
Let k(j) = 4*j**2 - 6*j - 5. Let l(s) = 3*s**2 - 6*s - 4. Let y(t) = -4*k(t) + 5*l(t). Let i be (-6)/9*(-84)/(-8). What is y(i)?
-7
Let b(r) = -r**3 + 3*r**2 - 2*r - 1. Suppose 3*q - 3*q = -q. Suppose 0 = 3*w - 5 - 1. Suppose 0 = -q*j + w*j - 6. Calculate b(j).
-7
Suppose 2*h - 4 = 10. Let l(s) be the second derivative of -1 - 1/12*s**4 - 7/2*s**2 + 4/3*s**3 - 2*s. Determine l(h).
0
Let z(i) = -i**3 + 8*i**2 + 5*i + 8. Let w = 0 - 2. Let l(s) = -5*s**3 + 33*s**2 + 21*s + 33. Let t(n) = w*l(n) + 9*z(n). Suppose b - 6*b - 30 = 0. Give t(b).
-12
Let o(u) = -4*u**2 - 3*u. Let r(n) = 14*n**2 + 6*n - 1. Let m(k) = -3*o(k) - r(k). Let t(h) = 2*h + 1. Let i be t(1). Calculate m(i).
-8
Suppose -6*l - l = 0. Let o be (6/2)/(l - 1). Let k(c) = -2 - c - 1 + 6. Calculate k(o).
6
Let b(p) = -10*p + 12. Let g(w) = -17*w + 25. Let q(t) = -5*b(t) + 3*g(t). Let v = 23 - 14. Calculate q(v).
6
Let l(i) = -151 + i**2 - 118*i + 144 + 129*i. Determine l(-11).
-7
Let j(m) = m**2 + 5*m + 4. Suppose 0 = -19*a - 4*a - 115. Calculate j(a).
4
Let r(j) = -80 - j**2 - 6*j + 80. Let w be r(-7). Let p(o) = o**2 + 7*o + 2. Calculate p(w).
2
Let q(r) be the first derivative of -r**5/20 - r**4/3 - r**3/6 + 3*r**2/2 - 6*r - 2. Let x(d) be the first derivative of q(d). Determine x(-3).
-3
Suppose -5*o - 16 = -9*o. Let h(v) = -3*v**3 + 10*v + 5*v**2 - 4*v - o*v**2 + 1 - 5*v. Give h(-1).
4
Let d(j) = -2*j**3 + j**2 + 2*j + 1. Let b(i) = i**2 + 5*i + 12. Let l be b(-6). Let c be 3/(l/4)*-3. Determine d(c).
17
Let m(b) = 7*b**2 + 2*b + 4. Let h(q) = 9*q**2 + 4*q + 5. Let i(l) = 4*h(l) - 5*m(l). Give i(-6).
0
Let k(o) be the first derivative of -o**4/4 + 2*o**3 - 6*o - 8. Let f(c) = 2*c**2 + 4*c. Suppose 2*m - 4*m - 6 = 0. Let w be f(m). Determine k(w).
-6
Let a(b) = 4*b**2 - 4*b + 3. Suppose -27 = -14*k - 13. Calculate a(k).
3
Let f = -847 + 852. Let c(s) = -5*s + 1. Give c(f).
-24
Let n = 10 + -10. Let d(o) be the third derivative of 0*o - 2*o**2 + 1/24*o**4 + 1/60*o**5 + 0 - 7/6*o**3. What is d(n)?
-7
Let z be (-1 + 3 - 1)/(8/(-264)). Let m be 6*(z/(-6))/(-11). Let p(g) = -g**3 - 4*g**2 - 2*g + 4. Give p(m).
1
Let z(b) = b - 3. Let a be z(10). Let i(l) = 3*l - 5. Determine i(a).
16
Let n(c) be the second derivative of c**4/12 - c**3/2 + c**2 + 29*c. Give n(4).
6
Suppose -b - 4*n = 11, -2*n + 5*n + 13 = 4*b. Let v(p) = 4*p**2 + 3*p + 8. Let t(u) = 2*u**2 + 2*u + 5. Let r(s) = -8*t(s) + 5*v(s). What is r(b)?
3
Let m(u) = 50*u**2 - u - 1. Let g(c) = -55*c + 274. Let l be g(5). Calculate m(l).
50
Let p(b) = -b + 4. Suppose -2*s + 3*n = 21 + 62, -49 = s - 3*n. Let f = 29 + s. Give p(f).
9
Let r = 5038/3021 + -1/1007. Let z(v) be the first derivative of -v - v**2 + 3 + r*v**3 - 1/4*v**4. What is z(3)?
11
Let c(j) be the first derivative of 2*j**3 - 1 + 1/4*j**4 - 1/2*j**2 - 4*j. Let f be -4 - (12/(-6) + 4). Calculate c(f).
2
Let a = 479 + -480. Let v(z) = 10*z - 1. Determine v(a).
-11
Suppose 4*u - 13 = -5*k, 0 = -2*u - 3*k + 6 + 3. Let o(x) = -x**2 - x + 7. Let a be o(u). Let m be (-4 - a)/(-1 - 0). Let f(i) = i**2 - 6*i - 1. Give f(m).
-6
Let y(n) = -2*n**2 - n. Let u = 3 + 4. Let i(c) = -c**2 + c - 1. Let p(q) = -5*q**2 + 10*q + 5. Let t(h) = 4*i(h) - p(h). Let f be t(u). Give y(f).
-6
Let a(n) = -2*n**2 - 4*n - 4. Let f(o) = -9*o**2 - o + 1. Let t be f(-1). Let h(d) = d**3 + 5*d**2 - 17*d - 24. Let u be h(t). Give a(u).
-10
Let p = 174 + -168. Let k(u) be the first derivative of 3/2*u**2 + 3*u + 1/3*u**3 - 1/4*u**4 + p. Calculate k(-2).
9
Let q = 45 + 1. Let y = q - 55. Let p(n) = n**2 + 11*n + 9. Calculate p(y).
-9
Let n(o) = -2*o + 8. Let w = 511 + -511. Determine n(w).
8
Let l = -129 + 136. Suppose 8*r + 6 = l*r. Let p(o) = -o - 1. What is p(r)?
5
Let s(t) = -8*t + 16. Let x be s(2). Let u(z) = z**2 + 4. Give u(x).
4
Let d(v) = -v**2 + v + 25. Let r = 307 - 307. Calculate d(r).
25
Suppose 3*n + n - 128 = 0. Suppose 15 = 5*a, 5*f - n = -2*a + 3*a. Let r(x) = x - 3. Let k be r(f). Let c(q) = -q**2 + 4*q + 3. Determine c(k).
3
Let s(z) be the first derivative of 0*z**2 + 0*z - 1/120*z**5 - 5/24*z**4 + 3 - 1/3*z**3. Let r(t) be the third derivative of s(t). Give r(0).
-5
Suppose -201 + 249 = 16*q. Let x(t) = t**3 - 3*t**2 + 2*t - 1. Give x(q).
5
Let x(w) = w - 4. Let o(d) = d. Let y(r) = o(r) - 3*x(r). What is y(7)?
-2
Let f(v) = 117 - 122 - 2*v + 0*v. Suppose -2*i = -0*i - 8. Suppose -2*x = -x + i. Calculate f(x).
3
Let v(i) be the second derivative of -1/3*i**4 + 2*i + 1/20*i**5 + 0 + 2*i**2 - 5/6*i**3. Let z = -55 + 60. What is v(z)?
4
Let g be (-104)/(-14) + 18/(-42). Let m(b) = b - 8. Determine m(g).
-1
Let s(a) = -a + 5. Let x be s(5). Suppose -7 = g - 3*r, 3*g + 5*r - 21 = -0*r. Let v(l) = l**2 - 6 - 4*l**3 - g + 5*l**3. What is v(x)?
-8
Let q(n) = -n**2 - 2*n + 5. Suppose 0 = -5*t + 4*w + 5 - 17, -2*w - 4 = 0. What is q(t)?
-3
Suppose -4*u - 6 = -14. Let k(q) = -q**3 + 2*q**3 - 7 + 3*q**2 + 3*q**u. Let i(v) = -v**2 - 24*v - 114. Let c be i(-6). What is k(c)?
-7
Suppose 0 = -29*u - 31*u. Let x(y) be the third derivative of 0*y + y**2 + 1/120*y**6 + 17/6*y**3 + 1/24*y**4 + 0 + u*y**5. Calculate x(0).
17
Let p = -9 + 4. Suppose 3*o - 3*l = 306, 6*o - 4*o = -5*l + 218. Let d(c) = -o - 7*c + 104 - c**2. What is d(p)?
10
Let g(z) be the first derivative of -z**3/3 + 3*z**2/2 - z - 14. Let o(d) = d**3 - 4*d**2 + d. Let s be o(4). Determine g(s).
-5
Let o(c) = -7 + c**3 + 3*c + 10*c - 17*c + 41*c**2 - 36*c**2. What is o(-5)?
13
Let w = -1164 + 1148. Let i(b) = -3*b - 13. Give i(w).
35
Let t(g) = -g**2 + 6*g - 3. Let i = -11 + 22. Suppose -4*d + 14 = 2*h, -d - h = -3*h - i. What is t(d)?
2
Suppose -4*v + 50 = v. Suppose 5*z - 10*z = -v. Let w(h) = 3*h. Calculate w(z).
6
Let s(z) be the second derivative of z**3/2 - z**2/2 - 272*z. Let b = -9 - -6. Calculate s(b).
-10
Let x(q) = 51*q + 210. Let i be x(-4). Let z(f) = f**2 - 6*f + 4. Determine z(i).
4
Let z = 27 - 3. Let k be (-27)/(-6)*z/18. Let w(c) = 0*c**2 + c**2 - 6*c + 0*c**2 - 3. What is w(k)?
-3
Suppose -2*n + 21 = x, 3*n - x - 37 = 3*x. Suppose 7 = -4*s + n. Let z(c) = -4*c**2 + 2*c - 1. Determine z(s).
-3
Let t(f) = -f**3 - 10*f**2 + 10*f - 10. Suppose 0*r = -r + 2*i - 15, 5*i = -5*r - 45. Determine t(r).
1
Let g be ((-52)/(-78))/((-4)/6). Let o(n) = -20*n**3. What is o(g)?
20
Suppose -f + 5 = 4*f. Let g = f + -3. Let q(h) = -238250*h - 2 + 4 + 238248*h. Give q(g).
6
Let p(h) = 3*h - 7. Let r(i) = i**2 - 18*i + 83. Let o be r(11). Calculate p(o).
11
Let r(k) = 3*k - 10. Let s(v) = 6*v - 21. Let w(h) = 9*r(h) - 4*s(h). Suppose 4*y + 5*q - 26 = 0, 5*q + 11 = 5*y + 1. Give w(y).
6
Let u(d) = -6*d - 9. Suppose 0*z = -12*z - 72. Determine u(z).
27
Suppose -1 = 5*b + n, 3*b = 3*n + 2 + 1. Let o be (b - 0)/(4/2). Let l = -2 + o. Let r(h) = -h**3 - 3*h**2 - 2*h - 1. Determine r(l).
-1
Let n(j) = -2*j. Suppose -15 = 13*l - 28. What is n(l)?
-2
Let o(x) = 5*x**2 - 65*x - 15. Let w(l) = -6*l**2 + 81*l + 19. Let k(d) = 11*o(d) + 9*w(d). Calculate k(-14).
6
Let x(k) = -3*k + 2. Let c be 4/14 - (-60)/35. Suppose -5*j + c = 12. Determine x(j).
8
Suppose -5*k - 33 = 6*p - 10*p, -15 = -2*p + k. Let x(r) = -37*r + 3 + 43*r - 1 - r**2. Calculate x(p).
-